3121 is divided by 371?
153
Calculate the remainder when 3744 is divided by 603.
126
What is the remainder when 38448 is divided by 2739?
102
Calculate the remainder when 591 is divided by 23.
16
What is the remainder when 7526 is divided by 152?
78
Calculate the remainder when 20815 is divided by 945.
25
Calculate the remainder when 1491 is divided by 707.
77
What is the remainder when 56253 is divided by 27?
12
Calculate the remainder when 28502 is divided by 114.
2
What is the remainder when 54055 is divided by 18010?
25
What is the remainder when 850589 is divided by 195?
194
What is the remainder when 56918 is divided by 155?
33
Calculate the remainder when 10078 is divided by 449.
200
Calculate the remainder when 1688 is divided by 62.
14
Calculate the remainder when 134778 is divided by 1348.
1326
Calculate the remainder when 2720 is divided by 2374.
346
Calculate the remainder when 611449 is divided by 4563.
7
What is the remainder when 1391 is divided by 660?
71
What is the remainder when 51808 is divided by 5751?
49
Calculate the remainder when 2747 is divided by 2710.
37
Calculate the remainder when 170572 is divided by 134.
124
What is the remainder when 17738 is divided by 113?
110
Calculate the remainder when 395189 is divided by 4249.
32
Calculate the remainder when 222639 is divided by 186.
183
Calculate the remainder when 44240 is divided by 44214.
26
What is the remainder when 182 is divided by 96?
86
What is the remainder when 10723 is divided by 90?
13
What is the remainder when 24127 is divided by 208?
207
Calculate the remainder when 13365 is divided by 1027.
14
Calculate the remainder when 15420 is divided by 342.
30
Calculate the remainder when 407 is divided by 398.
9
Calculate the remainder when 341908 is divided by 729.
7
What is the remainder when 3799 is divided by 519?
166
Calculate the remainder when 1876 is divided by 27.
13
What is the remainder when 72811 is divided by 24264?
19
What is the remainder when 55589 is divided by 1853?
1852
What is the remainder when 402088 is divided by 402082?
6
What is the remainder when 21754 is divided by 1087?
14
Calculate the remainder when 29416 is divided by 306.
40
Calculate the remainder when 13293 is divided by 81.
9
Calculate the remainder when 2119381 is divided by 5.
1
What is the remainder when 22782 is divided by 1077?
165
What is the remainder when 13136 is divided by 6510?
116
Calculate the remainder when 5301 is divided by 31.
0
What is the remainder when 98374 is divided by 937?
926
Calculate the remainder when 252 is divided by 111.
30
What is the remainder when 14632 is divided by 4747?
391
Calculate the remainder when 4018 is divided by 2421.
1597
Calculate the remainder when 45841 is divided by 7637.
19
What is the remainder when 30335 is divided by 1178?
885
Calculate the remainder when 2262 is divided by 721.
99
Calculate the remainder when 2148326 is divided by 52.
50
What is the remainder when 5603 is divided by 494?
169
What is the remainder when 19765 is divided by 183?
1
Calculate the remainder when 1112 is divided by 232.
184
Calculate the remainder when 58778 is divided by 63.
62
What is the remainder when 8246 is divided by 162?
146
Calculate the remainder when 32196 is divided by 100.
96
Calculate the remainder when 67152 is divided by 738.
732
What is the remainder when 6890 is divided by 860?
10
What is the remainder when 36568 is divided by 202?
6
What is the remainder when 1243927 is divided by 388?
387
What is the remainder when 2658 is divided by 1244?
170
What is the remainder when 12151 is divided by 2151?
1396
Calculate the remainder when 275945 is divided by 226.
225
Calculate the remainder when 530 is divided by 195.
140
What is the remainder when 197126 is divided by 98556?
14
What is the remainder when 230424 is divided by 1324?
48
What is the remainder when 690 is divided by 83?
26
What is the remainder when 11924 is divided by 165?
44
Calculate the remainder when 755 is divided by 241.
32
What is the remainder when 13720 is divided by 327?
313
What is the remainder when 84570 is divided by 45?
15
Calculate the remainder when 3992 is divided by 207.
59
What is the remainder when 133497 is divided by 7026?
3
Calculate the remainder when 6762 is divided by 506.
184
Calculate the remainder when 37141 is divided by 211.
5
What is the remainder when 28354 is divided by 29?
21
What is the remainder when 1811 is divided by 170?
111
What is the remainder when 11019 is divided by 579?
18
What is the remainder when 4236 is divided by 610?
576
Calculate the remainder when 2816 is divided by 1019.
778
What is the remainder when 252707 is divided by 266?
7
Calculate the remainder when 452509 is divided by 18.
7
Calculate the remainder when 1533 is divided by 697.
139
What is the remainder when 13087 is divided by 77?
74
What is the remainder when 324 is divided by 150?
24
Calculate the remainder when 2409 is divided by 16.
9
Calculate the remainder when 47310 is divided by 1690.
1680
What is the remainder when 9719 is divided by 968?
39
Calculate the remainder when 8021 is divided by 252.
209
What is the remainder when 361 is divided by 95?
76
What is the remainder when 613 is divided by 357?
256
What is the remainder when 15545 is divided by 974?
935
Calculate the remainder when 141697 is divided by 20.
17
Calculate the remainder when 3017453 is divided by 712.
709
What is the remainder when 7831 is divided by 7?
5
Calculate the remainder when 2193 is divided by 55.
48
What is the remainder when 19739 is divided by 87?
77
Calculate the remainder when 429222 is divided by 59.
56
What is the remainder when 139347 is divided by 1857?
72
What is the remainder when 1997 is divided by 227?
181
What is the remainder when 146980 is divided by 374?
372
What is the remainder when 112886 is divided by 37?
36
What is the remainder when 20571 is divided by 2019?
381
What is the remainder when 785876 is divided by 79?
63
What is the remainder when 355 is divided by 151?
53
What is the remainder when 9259 is divided by 9256?
3
What is the remainder when 23111 is divided by 65?
36
Calculate the remainder when 144647 is divided by 63.
62
Calculate the remainder when 1169 is divided by 30.
29
What is the remainder when 3308 is divided by 64?
44
What is the remainder when 4239 is divided by 16?
15
Calculate the remainder when 5274 is divided by 26.
22
Calculate the remainder when 594 is divided by 44.
22
Calculate the remainder when 11943 is divided by 924.
855
Calculate the remainder when 19942 is divided by 12.
10
What is the remainder when 2125 is divided by 70?
25
What is the remainder when 20932 is divided by 5232?
4
What is the remainder when 13041 is divided by 387?
270
Calculate the remainder when 460269 is divided by 969.
963
Calculate the remainder when 64782 is divided by 32.
14
What is the remainder when 1873168 is divided by 30?
28
What is the remainder when 6980 is divided by 6974?
6
Calculate the remainder when 57897 is divided by 55.
37
What is the remainder when 31752 is divided by 286?
6
Calculate the remainder when 96726 is divided by 706.
4
Calculate the remainder when 2715 is divided by 676.
11
What is the remainder when 102521 is divided by 855?
776
What is the remainder when 1080 is divided by 31?
26
Calculate the remainder when 18908 is divided by 15.
8
Calculate the remainder when 4834 is divided by 22.
16
Calculate the remainder when 8369 is divided by 331.
94
What is the remainder when 121159 is divided by 3786?
7
Calculate the remainder when 161049 is divided by 80515.
19
What is the remainder when 104801 is divided by 9?
5
What is the remainder when 66175 is divided by 66173?
2
Calculate the remainder when 2081682 is divided by 17.
15
Calculate the remainder when 3707 is divided by 21.
11
Calculate the remainder when 3866 is divided by 1866.
134
Calculate the remainder when 10907114 is divided by 411.
407
What is the remainder when 11587 is divided by 5786?
15
What is the remainder when 32867 is divided by 5474?
23
What is the remainder when 311789 is divided by 547?
546
What is the remainder when 60736 is divided by 2?
0
What is the remainder when 3082 is divided by 208?
170
What is the remainder when 413038 is divided by 120?
1